+ 0 + 4*k - 6 - k**3. Suppose -3*r - 10 - 2 = 0. What is the remainder when b(r) is divided by 15?
13
Calculate the remainder when 46 is divided by ((-5)/((-210)/144))/(2/7).
10
Let n(i) = 51*i + 1. Let j be n(1). Let d = j - 28. What is the remainder when d is divided by 9?
6
Suppose -12*q + 17*q = 90. What is the remainder when 52 is divided by q?
16
Let f = 42 - 17. Let s = -23 - -32. Calculate the remainder when f is divided by s.
7
Suppose -2*j - 81 = -11*j. Let z be (-4)/2 - 0 - -1. Let h = z + 17. Calculate the remainder when h is divided by j.
7
Suppose 4*y + y - 80 = 0. Let k(o) = -o**3 + 2*o**2 + 8*o - 6. Calculate the remainder when y is divided by k(3).
7
Suppose 0*l + 85 = 5*l + 5*o, 5*l + o - 105 = 0. Calculate the remainder when l is divided by 9.
4
Let t = -114 + 129. What is the remainder when t is divided by 11?
4
Suppose 0 = -3*b + 3 + 6. Suppose -w = 4*w - b*s - 64, -2*w = -2*s - 28. What is the remainder when w is divided by 4?
3
Let y = 4 + -2. Let h = 8 - y. Suppose 104 = 4*f + h*w - 2*w, -2*f = -w - 40. Calculate the remainder when f is divided by 12.
10
Let h(c) = -c**2 + c + 2. Let k be h(0). Let p(b) = 4*b + 2. Let t(m) = -m + 1. Let a(s) = p(s) - 2*t(s). What is the remainder when 34 is divided by a(k)?
10
Suppose 2*t - 5 = 21. What is the remainder when 23 is divided by t?
10
Calculate the remainder when 42 is divided by (4/3)/4 - (-476)/21.
19
Let n(k) = 1. Let v(t) = 2*t**2. Let a(c) = -n(c) - v(c). Let r be a(1). Let x(y) = -y**3 - y**2 + 4*y. Calculate the remainder when x(r) is divided by 4.
2
Let t(d) = 2*d**3 + 2*d**2 + 1. Let w = 80 + -32. What is the remainder when w is divided by t(2)?
23
Suppose 0 = -2*h + 29 + 31. What is the remainder when 149 is divided by h?
29
Suppose 3*y + 15 = 0, -5*y - 15 = -2*i + 236. What is the remainder when i is divided by 38?
37
Let v = 8 - 3. Suppose -i = -v*i + 76. What is the remainder when i is divided by (-7)/3*18/(-6)?
5
Let g(b) = 3*b + 2*b - b**3 + 0 - 3 + 0 + 2*b**2. Let h = 9 + -1. What is the remainder when h is divided by g(3)?
2
What is the remainder when 38 is divided by (3 - 1)/((-2)/16*-2)?
6
Suppose 5*r = -q + 22, -4*q + 17 + 33 = r. Calculate the remainder when q is divided by 7.
5
Let v(p) = 2*p**2 + p. Let x be v(-2). Suppose -14 = d - b, 5*d - b + 30 = -x*b. Let y = d + 15. Calculate the remainder when 9 is divided by y.
4
Suppose 3*c - 25 = -n, -3*n - 14 = -4*c + 41. Calculate the remainder when 3 is divided by (-40)/(-16)*12/c.
0
Calculate the remainder when (2 - -45) + (-1)/1 is divided by (-2 - 11)*-1 - 1.
10
Let u(t) = 3*t**2 + 4*t + 2. Suppose 6 = -m - 2*m. Let j(k) = k**2 + 4*k - 8. Calculate the remainder when u(m) is divided by j(-6).
2
What is the remainder when 33 is divided by (-6 - (-4 + (2 - 1))) + 20?
16
Suppose 3*h - 14 - 4 = 0. What is the remainder when 34 is divided by h?
4
Suppose 10 = -i + 4*o, -28 = -3*i - 3*o + 2. Calculate the remainder when i is divided by 2.
0
Suppose 4*s - 3*s - 29 = 0. What is the remainder when 74 is divided by s?
16
Let y(c) = 2*c**2 + 4*c + 2. Let m = 2 - -4. Calculate the remainder when m is divided by y(-2).
0
Suppose 0 = -10*b + 214 + 226. Calculate the remainder when b is divided by 9.
8
Suppose w = 3*k + 2 - 14, 2*w - 3*k = -12. Suppose 5*t - 3 = 4*t. Calculate the remainder when t is divided by 0 + w - (-6 - -4).
1
Let p(g) = -6*g - 35. What is the remainder when 60 is divided by p(-11)?
29
Suppose 3*q - 21 = -0. Let k(w) = -6*w + 1. Calculate the remainder when k(-2) is divided by q.
6
Let p be 0*(-1 + (-9)/(-6)). Let n be 3/(-12)*2*p. Suppose n = v - 4 + 2. Calculate the remainder when v is divided by 2.
0
Let l = 16 - 8. Let i(j) = 7*j**2 - 18*j + 5. Let m(g) = 8*g**2 - 19*g + 5. Let p(x) = -7*i(x) + 6*m(x). Calculate the remainder when p(l) is divided by 14.
13
Let l(x) = -x + 12. Let s(u) = 47*u**2 + u. Calculate the remainder when s(1) is divided by l(-5).
14
Suppose 3*n + 2*n = 15. Suppose 3*x = -t + 44, 2*x = n*t + 6 + 27. What is the remainder when 45 is divided by -30*3/(x/(-2))?
9
Let f(h) = -h**2 + 13*h - 3. What is the remainder when 37 is divided by f(11)?
18
Suppose 5*n - 3*n - 296 = 0. Suppose -4*h + n = -60. Suppose -5*a = 2*x - 80, 0 = -2*a + x + 16 + 25. What is the remainder when h is divided by a?
16
Let r(u) = u**2 - 5*u - 9. Let k be r(7). Calculate the remainder when 21 is divided by 30*(7/k - 1).
9
Let c = -37 + 21. Let z be (-8)/(-3)*(-24)/c. Suppose 5*x + z*o - 65 = -0*x, 0 = 2*o. Calculate the remainder when 49 is divided by x.
10
Let c = 33 + -23. What is the remainder when 67 is divided by c?
7
Let z(d) = 2 + 2 + d - 2*d. Let x be z(6). What is the remainder when 17 is divided by (x - -2) + 3*2?
5
Let a = -12 - -17. Let h(j) = j**2 + 7*j + 9. What is the remainder when (-1)/1 - (-1 - a) is divided by h(-6)?
2
Suppose 3*f + 0*f - 2*w + 5 = 0, -5 = -4*f + 5*w. Let s(a) = -5*a + 6. Suppose -v = v - 32. What is the remainder when s(f) is divided by v?
15
Suppose -3*y - 10 - 28 = -2*k, 58 = 4*k + 3*y. What is the remainder when 156 is divided by k?
12
Suppose 4*g + 3*m = 3*g + 31, -m = -4. Suppose -w = -g + 4. Let o(c) = -9*c. What is the remainder when o(-3) is divided by w?
12
Let o(p) = -1 + 3*p + p**2 + 5*p - 1 - 6*p. Calculate the remainder when ((-12)/2)/(3/(-8)) is divided by o(-4).
4
Let h(x) be the third derivative of x**5/30 - x**4/6 - x**3/3 - 2*x**2. Let u be h(5). Suppose 0 = -4*d + u + 12. What is the remainder when 19 is divided by d?
9
Let r = -2 + 2. Suppose 0 = 2*u - 2*s - 2*s - 8, 3*u - s - 17 = r. Let a(g) = g**3 - 7*g**2 + 8*g - 3. What is the remainder when 26 is divided by a(u)?
8
Calculate the remainder when 2/(-11) + (-204)/(-33) is divided by 5.
1
Suppose 4*w = -5*i + 122, 2*w = -i - 2 + 24. Let j = -13 + i. Calculate the remainder when 23 is divided by j.
10
Let q(h) be the first derivative of h**3/3 - 9*h**2/2 + 2*h + 2. Suppose 4*o = -4 + 16. Calculate the remainder when o is divided by q(9).
1
Suppose -178 = -3*b - f, 11*f - 239 = -4*b + 10*f. What is the remainder when b is divided by (16/(2 - 1))/1?
13
Let w(j) = -j**3 - 6*j**2 - 4*j + 1. Let r be ((-6)/(-1 - -2))/(-2). Let q be (36/8)/(r/(-4)). What is the remainder when w(q) is divided by 13?
12
Let n(q) = 0*q**2 - 3 + 5 - 4*q**2 + 3*q**3 + q. Suppose 2*g - 5 = 2*h + 5, -5 = -4*g - h. Calculate the remainder when 22 is divided by n(g).
10
Suppose -5*s + 0*s = 3*m - 239, m - 77 = s. Calculate the remainder when m is divided by 20.
18
Let j(z) = -z**3 + 10*z**2 - 10*z + 13. Let w be j(9). What is the remainder when 9 is divided by w/(-18) + (-190)/(-45)?
1
Let w(h) = h + 1. Let k(c) = 5*c - 6. Let v(g) = k(g) - 3*w(g). Let x = 16 + -9. What is the remainder when x is divided by v(6)?
1
Suppose 4*p + 0*j = -3*j + 36, p = -5*j + 26. Suppose -34 = -8*d + 94. What is the remainder when d is divided by p?
4
Suppose 14 = -f - 2*s, -3*f + f = 5*s + 33. What is the remainder when (-174)/(-9) - (-1)/(-3) is divided by (-35)/(-3) - f/(-6)?
8
Let l(u) = u**2 - 6*u - 14. Calculate the remainder when 127 is divided by l(-4).
23
Let p(o) = -2*o + o + 5 - o**2 - 5*o + 0*o. Let r be p(-5). Let f(h) = 2*h + 3. What is the remainder when f(r) is divided by 8?
7
Let x = -1 - 2. Let w(v) = -v**2 + 7*v + 7. Let d be w(7). Let y = x + d. Calculate the remainder when 10 is divided by y.
2
Suppose 4*t - 5 - 12 = -3*b, 59 = 5*b - t. Let q(m) = m + 20. What is the remainder when q(10) is divided by b?
8
Let r(w) = -11*w - 3. Let c be r(2). Let a = -9 - c. Calculate the remainder when 45 is divided by a.
13
Suppose 12*g - 15*g + 9 = 0. Suppose -3 = 4*x - 19. What is the remainder when x is divided by g?
1
Suppose -4*c = -8 + 24. Suppose -2*l = -10, l = 3*d + 6*l - 31. Calculate the remainder when (-31)/(-2) + d/c is divided by 8.
7
Let u = -5 + 14. Suppose j - 2 = -0*j. Suppose j*z - z = 17. What is the remainder when z is divided by u?
8
What is the remainder when 69 is divided by 3/(-9) - (-318)/9?
34
Let l(q) = q**2 + 4*q + 4. Let z = 14 + -11. What is the remainder when l(-5) is divided by z?
0
Let y(z) = z**2 + 4*z - 3. Let q be y(-4). Let j = 32 - q. Suppose -2*l + 6*l - 48 = 0. Calculate the remainder when j is divided by l.
11
Suppose 5*c = 5*i + 30, 0 = -4*c - 5*i + i + 8. Suppose 130 = c*k + k. Suppose -3*